 = d**3 - 6*d**2 + 6*d. Give w(5).
5
Let n(k) = -k**3 + 8*k**2 - 9*k + 5. Give n(6).
23
Let m(p) = p + 8. Give m(-13).
-5
Let f(g) = -g**2 - 8*g - 7. Calculate f(-6).
5
Let k(g) = -g**2 + 11*g - 15. Determine k(9).
3
Let y(w) = w**3 - 8*w**2 - 2*w + 7. Determine y(8).
-9
Let y(v) = -40*v**2 - 8*v + 11. Give y(2).
-165
Let p(r) = -2*r**3 + 6*r**2 - 3*r + 6. Calculate p(3).
-3
Let x(o) = o**2 - 5*o - 3. Determine x(8).
21
Let f(s) = -4*s + 27. What is f(6)?
3
Let p(v) = -13*v + 55. What is p(6)?
-23
Let y(u) = u**3 + 4*u**2 + 74*u + 294. What is y(-4)?
-2
Let r(z) = -z**2 - 23*z + 5. Give r(0).
5
Let o(z) = z**2 - 13*z + 6. Determine o(10).
-24
Let v(i) = i**2 - 12*i + 5. What is v(12)?
5
Let x(d) = d**2 + 2*d + 1. Give x(-8).
49
Let f(a) = a**2 + 5*a - 25. Determine f(8).
79
Let w(y) = 4*y**3 - 2*y**2 + 2*y + 4. What is w(-1)?
-4
Let u(d) = -9*d**2 - d. Determine u(-1).
-8
Let u(k) = k**3 + 3*k**2 - 4*k + 2. Give u(2).
14
Let x(z) = 2*z**2 + 3*z + 18. What is x(0)?
18
Let p(h) = -h**2 + 26*h - 101. What is p(5)?
4
Let y(b) = -27*b**3 - b**2. Give y(-1).
26
Let u(c) = 3*c**2 + 36*c - 36. Calculate u(-13).
3
Let l(d) = -d**3 - 4*d**2 - d + 4. Determine l(-4).
8
Let s(h) = -2*h**3 - 123*h**2 - 59*h + 126. Calculate s(-61).
4
Let a(i) = -19*i**3 + i**2 - 6*i + 5. Give a(1).
-19
Let g(l) = l + 3. Calculate g(1).
4
Let x(d) = -d**3 - 7*d**2 - 10*d - 32. Give x(-6).
-8
Let r(m) = -3*m - 20. What is r(-12)?
16
Let s(i) = -i**2 + i - 6. What is s(6)?
-36
Let y(g) = g**2 + 8*g - 4. What is y(-4)?
-20
Let v(i) = -39*i + 2. What is v(1)?
-37
Let f(i) = -2*i**2 + 45*i + 18. Determine f(23).
-5
Let h(x) = x**2 + 33*x - 62. Determine h(-34).
-28
Let n(q) = q**2 + 10*q - 9. Calculate n(-11).
2
Let r(n) = n**3 + 9*n**2 - n + 1. What is r(-9)?
10
Let q(y) = y**3 + 6*y**2 + 3*y - 15. Determine q(-5).
-5
Let f(s) = s**3 + 8*s**2 - s + 1. Calculate f(-8).
9
Let w(o) = o + 13. What is w(-19)?
-6
Let c(v) = -5*v**2 - 4*v - 3. What is c(-1)?
-4
Let s(p) = p - 19. Determine s(13).
-6
Let l(n) = -26*n - 210. Calculate l(-8).
-2
Let z(x) = 7*x**3 - x**2 - 9*x + 9. Calculate z(1).
6
Let i(f) = 16*f - 57. Determine i(3).
-9
Let j(k) = -3*k - 79. Determine j(-33).
20
Let i(g) = g + 22. Calculate i(-5).
17
Let m(r) = 56*r - 226. What is m(4)?
-2
Let j(d) = -2*d - 10. Give j(-10).
10
Let y(a) = 9*a - 1. Determine y(1).
8
Let k(b) = b**3 - 3*b**2 - 2*b. Give k(-1).
-2
Let l(k) = -k**2 + 4*k - 28. Calculate l(12).
-124
Let s(b) = -b**3 + 29*b**2 + 34*b - 72. What is s(30)?
48
Let f(n) = -n**2 - 2*n + 1. Calculate f(2).
-7
Let a(d) = -19*d + 1. Calculate a(-4).
77
Let c(s) = -s**3 - 6*s**2 + s + 1. What is c(-6)?
-5
Let a(p) = 20*p + 1. What is a(-2)?
-39
Let u(t) = t - 41. Determine u(31).
-10
Let m(z) = z**2 + 8*z - 16. Give m(-9).
-7
Let c(g) = -103*g - 1746. Determine c(-17).
5
Let k(n) = 2*n**2 - 14*n + 9. Determine k(10).
69
Let s(g) = 3*g**3 + g**2 - g - 1. What is s(2)?
25
Let w(i) = 2*i**2 + 8*i - 114. Determine w(6).
6
Let m(o) = -3*o + 21. Calculate m(12).
-15
Let c(s) = 3*s**3 - 2*s - 1. Calculate c(-2).
-21
Let u(g) = -3*g - 14. Give u(0).
-14
Let x(u) = -u**2 - 32*u - 79. Calculate x(-29).
8
Let o(w) = -w**3 + 6*w**2 + 4*w - 7. Calculate o(7).
-28
Let x(m) = m**2 - 11. Calculate x(-4).
5
Let i(q) = 12*q**2 + q - 1. Calculate i(1).
12
Let r(z) = -z**3 - 2*z**2 - 3*z - 4. Determine r(-2).
2
Let g(j) = 2*j**2 + 3*j - 3. Calculate g(-3).
6
Let r(p) = 2*p - 12. Calculate r(3).
-6
Let l(k) = -2*k - 3. What is l(19)?
-41
Let k(g) = g**2 - 3*g - 7. Give k(5).
3
Let n(h) = -6*h - 32. Give n(-9).
22
Let g(b) = -b**3 - 2*b**2 - 4*b - 28. Give g(0).
-28
Let z(u) = u - 57. Calculate z(0).
-57
Let a(f) = f**3 - 5*f**2 + 4*f - 19. Calculate a(5).
1
Let v(o) = 2*o + 16. What is v(-6)?
4
Let f(s) = -13*s - 4. Calculate f(-3).
35
Let k(c) = -69*c + 72. Give k(2).
-66
Let i(h) = -12*h - 105. What is i(-9)?
3
Let a(z) = -z**3 - 17*z**2 - 28*z + 28. Calculate a(-15).
-2
Let g(j) = 2*j**3 + 7*j**2 - 10*j + 2. Calculate g(3).
89
Let j(k) = 7*k**2 + 6*k + 2. Calculate j(4).
138
Let k(b) = -3*b**2 + 3*b - 3. Give k(3).
-21
Let b(r) = 31*r**2 - 101*r + 11. Give b(3).
-13
Let h(c) = -c**2 + 20*c + 18. What is h(26)?
-138
Let j(n) = 2*n**3 + 6*n**2 - 4. Give j(-4).
-36
Let a(v) = -2*v**2 + 3*v + 65. Determine a(-6).
-25
Let u(q) = 61*q - 125. Calculate u(2).
-3
Let v(i) = -4*i**2 + 16*i + 5. Determine v(5).
-15
Let t(m) = m**3 + 9*m**2 - 2*m - 11. Give t(-9).
7
Let f(j) = -4*j**2 - 33*j - 4. Calculate f(-8).
4
Let a(l) = l - 2. What is a(-13)?
-15
Let y(t) = t**2 + 15*t + 21. Calculate y(-10).
-29
Let a(v) = 8*v + 39. What is a(-6)?
-9
Let t(y) = y**3 + 5*y**2 - 7*y - 6. What is t(-6)?
0
Let x(y) = 2*y - 4. Determine x(9).
14
Let p(u) = -u**2 + 10*u - 21. Determine p(8).
-5
Let n(h) = h**2 + 3*h + 1. What is n(-6)?
19
Let c(l) = -l**3 + l**2 - l. Give c(1).
-1
Let x(r) = 9*r**3 - 2*r. Give x(1).
7
Let p(g) = 4*g**2 + 23*g + 5. Give p(-5).
-10
Let b(z) = 9*z - 46. Determine b(5).
-1
Let r(j) = -j**2 + 10*j + 54. Calculate r(-4).
-2
Let i(c) = -c**2 + 15*c - 17. Calculate i(14).
-3
Let i(p) = p**3 + 18*p**2 + 16*p - 23. What is i(-17)?
-6
Let f(m) = 2*m**2 + 7*m - 6. Determine f(-4).
-2
Let w(l) = -l**3 - 17*l**2 + 1. Give w(-17).
1
Let h(d) = 80*d + 11. Give h(1).
91
Let b(k) = k**3 - 6*k**2 + 2*k + 47. What is b(7)?
110
Let q(s) = -7*s - 51. Determine q(-7).
-2
Let o(i) = 2*i + 2. Give o(2).
6
Let z(n) = 5*n**2 - 2*n. Determine z(1).
3
Let k(j) = -30*j - 295. Calculate k(-9).
-25
Let i(t) = 3*t**2 + 28*t + 8. Give i(-9).
-1
Let m(h) = -10*h - 281. Determine m(-25).
-31
Let g(d) = d + 2. Determine g(-11).
-9
Let b(z) = -17*z**2 + 4. What is b(-3)?
-149
Let y(l) = l**3 + 18*l**2 - l - 34. Give y(-18).
-16
Let x(d) = -d + 1. Determine x(-5).
6
Let v(q) = 2*q - 6. Determine v(19).
32
Let k(z) = 13*z - 2. Determine k(-1).
-15
Let q(z) = 7*z - 107. What is q(13)?
-16
Let q(x) = x**2 + 15*x - 106. Determine q(6).
20
Let v(c) = c**3 - 13*c**2 + 12*c - 4. Determine v(12).
-4
Let a(x) = 7*x + 1. Calculate a(-10).
-69
Let f(z) = -z**3 + 2*z - 9. Determine f(0).
-9
Let b(j) = 7*j**3 + 2*j**2 + j - 2. Give b(1).
8
Let f(y) = -y**2 + 11*y + 52. Give f(15).
-8
Let l(u) = -u**3 - 6*u**2 - 7*u - 11. Determine l(-5).
-1
Let c(f) = -2*f**2 - 18*f - 77. What is c(-4)?
-37
Let n(s) = -3*s + 7. Give n(4).
-5
Let p(y) = 26*y - 665. What is p(26)?
11
Let v(k) = -k + 25. What is v(16)?
9
Let t(v) = 12*v**2 - v - 1. Give t(-1).
12
Let h(o) = 9*o + 102. Determine h(-12).
-6
Let p(k) = 39*k**3. Give p(-1).
-39
Let t(w) = -24*w - 43. Determine t(-2).
5
Let z(y) = -y**2 + 8*y - 2. Calculate z(7).
5
Let w(q) = -2*q**2 + 43*q + 34. Give w(22).
12
Let b(t) = t**2 - 54*t - 117. What is b(56)?
-5
Let q(c) = -c**2 - 6*c - 6. Determine q(-3).
3
Let x(n) = n**2 - 4*n + 3. Give x(0).
3
Let w(o) = -o**2 - 11*o - 1. What is w(-11)?
-1
Let x(p) = -2*p**2 + 9*p - 10. Give x(4).
-6
Let t(f) = 42*f + 20. Give t(-2).
-64
Let d(t) = 33*t**3 + 2*t - 1. Calculate d(1).
34
Let s(z) = -91*z + 102. What is s(1)?
11
Let w(a) = -a**3 + 4*a**2 + 17*a - 16. Give w(6).
14
Let y(m) = -29*m**2 + 177*m - 13. Give y(6).
5
Let k(l) = 4*l**3 - 2*l**2 - 2*l - 1. What is k(-1)?
-5
Let u(g) = g**3 + 5*g**2 + 26*g + 91. Calculate u(-4).
3
Let i(g) = -g**2 + 6*g + 87. Give i(-7).
-4
Let o(q) = q**3 - 9*q**2 + 7*q - 1. Determine o(9).
62
Let s(w) = 237*w - 473. Give s(2).
1
Let j(a) = a**2 + a - 7. Calculate j(-5).
13
Let n(k) = -k**3 + 15*k**2 - 16*k + 17. What is n(14)?
-11
Let w(d) = -10*d + 112. What is w(11)?
2
Let n(l) = l**2 - 10*l + 3. What is n(9)?
-6
Let t(g) = 2*g**2 + 40*g + 165. What is t(-14)?
-3
Let s(g) = g**3 + 14*g**2 - 2*g - 24. Give s(-14).
4
Let j(b) = b + 18. What is j(-9)?
9
Let p(u) = u**3 + 5*u**2 + 12. What is p(-4)?
28
Let i(s) = -4*s - 16. Determine i(-4).
0
Let u(p) = 7*p**2 - 56*p - 5. Determine u(8).
-5
Let p(x) = -2*x**2 + 31*x + 45. Give p(16).
29
Let i(c) = c**2 - 7*c - 21. What is i(9)?
-3
Let l(a) = -4*a + 13. What is l(-3)?
25
Let a(x) = -x**3 + 11*x**2 + 13*x - 16. Give a(12).
-4
Let h(t) = t**3 - t**2 - 5*t - 3. What is h(3)?
0
Let l(g) = 80*g + 72. What is l(-1)?
-8
Let w(o) = 42*o + 3. What is w(2)?
87
Let g(j) = 2*j**2 - 2*j + 1. Calculate g(2).
5
Let m(h) = 30*h + 573. What is m(-19)?
3
Let k(j) = -2*j - 24. Dete